 are the prime factors of 3111480595?
5, 23, 27056353
List the prime factors of 58070974.
2, 13, 2233499
What are the prime factors of 1681655303?
41, 3623, 11321
List the prime factors of 3352880848.
2, 209555053
What are the prime factors of 341098382?
2, 170549191
What are the prime factors of 14644675?
5, 23, 25469
List the prime factors of 210899651.
89, 131, 18089
List the prime factors of 779218010.
2, 5, 8467, 9203
List the prime factors of 593396879.
277, 2142227
List the prime factors of 46081522.
2, 29, 794509
What are the prime factors of 272805188?
2, 17, 167, 24023
List the prime factors of 661549027.
181, 281, 13007
List the prime factors of 55921900.
2, 5, 559219
List the prime factors of 1694412844.
2, 423603211
List the prime factors of 3397955268.
2, 3, 79, 3584341
What are the prime factors of 68313645?
3, 5, 19, 26633
List the prime factors of 241036754.
2, 7, 487, 35353
List the prime factors of 966494361.
3, 7, 46023541
What are the prime factors of 13926887?
13, 709, 1511
What are the prime factors of 352605627?
3, 11, 3561673
List the prime factors of 503852958.
2, 3, 7, 181, 22093
What are the prime factors of 230068841?
230068841
What are the prime factors of 121115613?
3, 59, 684269
What are the prime factors of 263636610?
2, 3, 5, 8787887
What are the prime factors of 79559380?
2, 5, 461, 8629
List the prime factors of 342846930.
2, 3, 5, 53, 71, 3037
What are the prime factors of 70719306?
2, 3, 7, 617, 2729
What are the prime factors of 210532744?
2, 26316593
What are the prime factors of 4420705955?
5, 884141191
What are the prime factors of 871673272?
2, 108959159
List the prime factors of 150793169.
150793169
What are the prime factors of 48153425?
5, 521, 3697
What are the prime factors of 258604441?
258604441
List the prime factors of 240397347.
3, 53, 1511933
List the prime factors of 2026662.
2, 3, 11, 30707
List the prime factors of 1665423888.
2, 3, 601, 57731
What are the prime factors of 181319161?
17, 71, 150223
List the prime factors of 6141197208.
2, 3, 131, 1953307
List the prime factors of 2834115866.
2, 17, 83356349
List the prime factors of 193781613.
3, 2551, 25321
What are the prime factors of 632016324?
2, 3, 863, 6781
What are the prime factors of 10485951?
3, 7, 71333
List the prime factors of 605207938.
2, 302603969
What are the prime factors of 75004352?
2, 419, 2797
List the prime factors of 6334090894.
2, 17, 4813, 38707
What are the prime factors of 3313968?
2, 3, 7, 1409
What are the prime factors of 7419746?
2, 3709873
What are the prime factors of 161836859?
1619, 99961
What are the prime factors of 19186052?
2, 29, 165397
What are the prime factors of 16332216?
2, 3, 680509
What are the prime factors of 323987805?
3, 5, 7199729
What are the prime factors of 5732682314?
2, 11261, 254537
What are the prime factors of 4392060157?
113, 38867789
What are the prime factors of 426352341?
3, 353, 367, 1097
List the prime factors of 401553093.
3, 317, 422243
What are the prime factors of 3111657730?
2, 5, 17, 3011, 6079
List the prime factors of 2431100242.
2, 1215550121
What are the prime factors of 666161106?
2, 3, 13, 8540527
List the prime factors of 31177097.
7, 41, 108631
List the prime factors of 109525792.
2, 47, 72823
List the prime factors of 115926704.
2, 571, 12689
List the prime factors of 2582747540.
2, 5, 29, 4453013
List the prime factors of 1976740629.
3, 53, 211, 58921
List the prime factors of 110017293.
3, 107, 342733
List the prime factors of 201607328.
2, 13, 19, 23, 1109
What are the prime factors of 524231995?
5, 7, 1373, 10909
List the prime factors of 2933070875.
5, 7, 29, 115589
List the prime factors of 138699372.
2, 3, 7, 1651183
What are the prime factors of 2132585421?
3, 710861807
List the prime factors of 72325560.
2, 3, 5, 602713
What are the prime factors of 3963098586?
2, 3, 151, 1447, 3023
List the prime factors of 9645462.
2, 3, 535859
List the prime factors of 487110615.
3, 5, 1531, 21211
List the prime factors of 62226648.
2, 3, 11, 78569
What are the prime factors of 2838046544?
2, 23, 53, 145511
What are the prime factors of 232539929?
232539929
List the prime factors of 764015731.
764015731
What are the prime factors of 47731542?
2, 3, 1657, 4801
What are the prime factors of 94523538?
2, 3, 911, 17293
List the prime factors of 49156755.
3, 5, 3277117
What are the prime factors of 101781954?
2, 3, 1319, 1429
List the prime factors of 419960431.
11, 1321, 28901
What are the prime factors of 31280866?
2, 43, 363731
List the prime factors of 26036091.
3, 53, 54583
List the prime factors of 90942328.
2, 11367791
What are the prime factors of 25909941?
3, 8636647
List the prime factors of 515041829.
23, 22393123
List the prime factors of 102383964.
2, 3, 2843999
List the prime factors of 1324110084.
2, 3, 11, 10031137
What are the prime factors of 128121854?
2, 7, 43, 212827
List the prime factors of 406704583.
17, 47, 521, 977
List the prime factors of 371909206.
2, 8863, 20981
List the prime factors of 4936434351.
3, 1645478117
List the prime factors of 2863461315.
3, 5, 11, 13, 1334947
What are the prime factors of 5899316210?
2, 5, 6029, 97849
List the prime factors of 82755971.
3461, 23911
What are the prime factors of 65720801?
101, 650701
What are the prime factors of 738577291?
17, 19, 2286617
What are the prime factors of 506820233?
506820233
List the prime factors of 1350490963.
1350490963
List the prime factors of 302406740.
2, 5, 15120337
What are the prime factors of 845231985?
3, 5, 13, 613, 2357
What are the prime factors of 312859818?
2, 3, 233, 74597
What are the prime factors of 117539370?
2, 3, 5, 13, 33487
List the prime factors of 1153187224.
2, 7, 20592629
List the prime factors of 180991533.
3, 60330511
What are the prime factors of 260624374?
2, 37, 3521951
List the prime factors of 1238138004.
2, 3, 103178167
What are the prime factors of 478780760?
2, 5, 11969519
What are the prime factors of 360737431?
6299, 57269
What are the prime factors of 244083915?
3, 5, 1808029
List the prime factors of 1986871883.
79, 257, 97861
List the prime factors of 2715603457.
7, 113, 3433127
List the prime factors of 179165811.
3, 11, 53, 89, 1151
What are the prime factors of 30261320?
2, 5, 756533
What are the prime factors of 22081509?
3, 2453501
What are the prime factors of 6219253164?
2, 3, 97, 101, 52901
What are the prime factors of 38531583?
3, 53, 80779
What are the prime factors of 1039647466?
2, 11, 13, 479, 7589
List the prime factors of 37025009.
7, 23, 41, 71, 79
What are the prime factors of 42578186?
2, 7, 53, 57383
What are the prime factors of 1790173676?
2, 447543419
What are the prime factors of 40296554?
2, 3433, 5869
What are the prime factors of 91668951?
3, 11, 925949
List the prime factors of 59551747.
71, 838757
List the prime factors of 862104639.
3, 11, 26124383
What are the prime factors of 39025945?
5, 7, 1115027
List the prime factors of 993116391.
3, 41, 8074117
List the prime factors of 3712319.
13, 29, 43, 229
What are the prime factors of 306644713?
971, 315803
List the prime factors of 111744054.
2, 3, 19, 326737
List the prime factors of 4587812421.
3, 13613, 112339
What are the prime factors of 7437933687?
3, 17, 4271, 34147
What are the prime factors of 506637296?
2, 11, 107, 26903
What are the prime factors of 1333675287?
3, 7, 29, 11587
What are the prime factors of 39637818?
2, 3, 11, 200191
List the prime factors of 55315929.
3, 41, 131, 3433
What are the prime factors of 1344490348?
2, 59, 73, 78041
List the prime factors of 408192231.
3, 9767, 13931
List the prime factors of 98045778.
2, 3, 127, 128669
List the prime factors of 162760750.
2, 5, 651043
What are the prime factors of 89949638?
2, 44974819
List the prime factors of 86414953.
223, 479, 809
List the prime factors of 235329003.
3, 7, 13, 19, 71
List the prime factors of 91246622.
2, 45623311
List the prime factors of 13558535.
5, 2711707
List the prime factors of 4039893901.
4039893901
List the prime factors of 685214043.
3, 19, 12021299
What are the prime factors of 5372405793?
3, 596933977
List the prime factors of 128549285.
5, 37, 139, 4999
What are the prime factors of 84550243?
84550243
What are the prime factors of 200998763?
7,